[INFO] cloning repository https://github.com/kRITZCREEK/wasm_exp
[INFO] running `Command { std: "git" "-c" "credential.helper=" "-c" "credential.helper=/workspace/cargo-home/bin/git-credential-null" "clone" "--bare" "https://github.com/kRITZCREEK/wasm_exp" "/workspace/cache/git-repos/https%3A%2F%2Fgithub.com%2FkRITZCREEK%2Fwasm_exp", kill_on_drop: false }`
[INFO] [stderr] Cloning into bare repository '/workspace/cache/git-repos/https%3A%2F%2Fgithub.com%2FkRITZCREEK%2Fwasm_exp'...
[INFO] running `Command { std: "git" "rev-parse" "HEAD", kill_on_drop: false }`
[INFO] [stdout] 4cb16620fd11983aba7fc2c8aa812a929c5c7e61
[INFO] checking kRITZCREEK/wasm_exp against master#af3c6e733a40e671550e0f0f5aeecaa13772ba56 for pr-74989
[INFO] running `Command { std: "git" "clone" "/workspace/cache/git-repos/https%3A%2F%2Fgithub.com%2FkRITZCREEK%2Fwasm_exp" "/workspace/builds/worker-6/source", kill_on_drop: false }`
[INFO] [stderr] Cloning into '/workspace/builds/worker-6/source'...
[INFO] [stderr] done.
[INFO] validating manifest of git repo https://github.com/kRITZCREEK/wasm_exp on toolchain af3c6e733a40e671550e0f0f5aeecaa13772ba56
[INFO] running `Command { std: "/workspace/cargo-home/bin/cargo" "+af3c6e733a40e671550e0f0f5aeecaa13772ba56" "read-manifest" "--manifest-path" "Cargo.toml", kill_on_drop: false }`
[INFO] started tweaking git repo https://github.com/kRITZCREEK/wasm_exp
[INFO] finished tweaking git repo https://github.com/kRITZCREEK/wasm_exp
[INFO] tweaked toml for git repo https://github.com/kRITZCREEK/wasm_exp written to /workspace/builds/worker-6/source/Cargo.toml
[INFO] crate git repo https://github.com/kRITZCREEK/wasm_exp already has a lockfile, it will not be regenerated
[INFO] running `Command { std: "/workspace/cargo-home/bin/cargo" "+af3c6e733a40e671550e0f0f5aeecaa13772ba56" "fetch" "--locked" "--manifest-path" "Cargo.toml", kill_on_drop: false }`
[INFO] [stderr]     Blocking waiting for file lock on package cache
[INFO] [stderr]     Blocking waiting for file lock on package cache
[INFO] [stderr]  Downloading crates ...
[INFO] [stderr]   Downloaded parity-wasm v0.31.3
[INFO] [stderr]   Downloaded wasmi-validation v0.1.0
[INFO] [stderr]   Downloaded wabt v0.8.0
[INFO] [stderr]   Downloaded parity-wasm v0.39.0
[INFO] [stderr]   Downloaded wasmi v0.5.0
[INFO] [stderr]   Downloaded wabt-sys v0.6.0
[INFO] running `Command { std: "docker" "create" "-v" "/var/lib/crater-agent-workspace/builds/worker-6/target:/opt/rustwide/target:rw,Z" "-v" "/var/lib/crater-agent-workspace/builds/worker-6/source:/opt/rustwide/workdir:ro,Z" "-v" "/var/lib/crater-agent-workspace/cargo-home:/opt/rustwide/cargo-home:ro,Z" "-v" "/var/lib/crater-agent-workspace/rustup-home:/opt/rustwide/rustup-home:ro,Z" "-e" "SOURCE_DIR=/opt/rustwide/workdir" "-e" "CARGO_TARGET_DIR=/opt/rustwide/target" "-e" "CARGO_HOME=/opt/rustwide/cargo-home" "-e" "RUSTUP_HOME=/opt/rustwide/rustup-home" "-w" "/opt/rustwide/workdir" "-m" "1610612736" "--user" "0:0" "--network" "none" "rustops/crates-build-env@sha256:d92eaeed33fa75130ca1ee6c8a01d1ffb62bac859dfdfb3450e3e5d1c0146529" "/opt/rustwide/cargo-home/bin/cargo" "+af3c6e733a40e671550e0f0f5aeecaa13772ba56" "metadata" "--no-deps" "--format-version=1", kill_on_drop: false }`
[INFO] [stdout] 7012be728e6d7e87c47c4caba972f3cec94e70f31b777d9cbd345910af77abb2
[INFO] [stderr] WARNING: Your kernel does not support swap limit capabilities or the cgroup is not mounted. Memory limited without swap.
[INFO] running `Command { std: "docker" "start" "-a" "7012be728e6d7e87c47c4caba972f3cec94e70f31b777d9cbd345910af77abb2", kill_on_drop: false }`
[INFO] running `Command { std: "docker" "inspect" "7012be728e6d7e87c47c4caba972f3cec94e70f31b777d9cbd345910af77abb2", kill_on_drop: false }`
[INFO] running `Command { std: "docker" "rm" "-f" "7012be728e6d7e87c47c4caba972f3cec94e70f31b777d9cbd345910af77abb2", kill_on_drop: false }`
[INFO] [stdout] 7012be728e6d7e87c47c4caba972f3cec94e70f31b777d9cbd345910af77abb2
[INFO] running `Command { std: "docker" "create" "-v" "/var/lib/crater-agent-workspace/builds/worker-6/target:/opt/rustwide/target:rw,Z" "-v" "/var/lib/crater-agent-workspace/builds/worker-6/source:/opt/rustwide/workdir:ro,Z" "-v" "/var/lib/crater-agent-workspace/cargo-home:/opt/rustwide/cargo-home:ro,Z" "-v" "/var/lib/crater-agent-workspace/rustup-home:/opt/rustwide/rustup-home:ro,Z" "-e" "SOURCE_DIR=/opt/rustwide/workdir" "-e" "CARGO_TARGET_DIR=/opt/rustwide/target" "-e" "CARGO_INCREMENTAL=0" "-e" "RUST_BACKTRACE=full" "-e" "RUSTFLAGS=--cap-lints=forbid" "-e" "CARGO_HOME=/opt/rustwide/cargo-home" "-e" "RUSTUP_HOME=/opt/rustwide/rustup-home" "-w" "/opt/rustwide/workdir" "-m" "1610612736" "--user" "0:0" "--network" "none" "rustops/crates-build-env@sha256:d92eaeed33fa75130ca1ee6c8a01d1ffb62bac859dfdfb3450e3e5d1c0146529" "/opt/rustwide/cargo-home/bin/cargo" "+af3c6e733a40e671550e0f0f5aeecaa13772ba56" "check" "--frozen" "--all" "--all-targets" "--message-format=json", kill_on_drop: false }`
[INFO] [stdout] 14388caa4c62f0c4490ec855531e82a97f1e449b6a48c24df72b66c4609adfcb
[INFO] [stderr] WARNING: Your kernel does not support swap limit capabilities or the cgroup is not mounted. Memory limited without swap.
[INFO] running `Command { std: "docker" "start" "-a" "14388caa4c62f0c4490ec855531e82a97f1e449b6a48c24df72b66c4609adfcb", kill_on_drop: false }`
[INFO] [stderr]    Compiling autocfg v0.1.5
[INFO] [stderr]    Compiling byteorder v1.3.2
[INFO] [stderr]    Compiling syn v0.15.40
[INFO] [stderr]    Compiling serde v1.0.97
[INFO] [stderr]    Compiling num-bigint v0.2.2
[INFO] [stderr]    Compiling libc v0.2.60
[INFO] [stderr]     Checking memory_units v0.3.0
[INFO] [stderr]     Checking parity-wasm v0.39.0
[INFO] [stderr]    Compiling cmake v0.1.40
[INFO] [stderr]    Compiling num-traits v0.2.8
[INFO] [stderr]    Compiling num-integer v0.1.41
[INFO] [stderr]    Compiling num-rational v0.2.2
[INFO] [stderr]    Compiling wabt-sys v0.6.0
[INFO] [stderr]     Checking parity-wasm v0.31.3
[INFO] [stderr]     Checking wasmi-validation v0.1.0
[INFO] [stderr]     Checking wasmi v0.5.0
[INFO] [stderr]    Compiling serde_derive v1.0.97
[INFO] [stderr]     Checking serde_json v1.0.40
[INFO] [stderr] error: failed to run custom build command for `wabt-sys v0.6.0`
[INFO] [stderr] 
[INFO] [stderr] Caused by:
[INFO] [stderr]   process didn't exit successfully: `/opt/rustwide/target/debug/build/wabt-sys-fc0fea220cbf3f89/build-script-build` (exit code: 101)
[INFO] [stderr]   --- stdout
[INFO] [stderr]   running: "cmake" "/opt/rustwide/cargo-home/registry/src/github.com-1ecc6299db9ec823/wabt-sys-0.6.0/wabt" "-DBUILD_TESTS=OFF" "-DBUILD_TOOLS=OFF" "-DCMAKE_INSTALL_PREFIX=/opt/rustwide/target/debug/build/wabt-sys-dcc6693201160ce7/out" "-DCMAKE_C_FLAGS= -ffunction-sections -fdata-sections -fPIC -m64" "-DCMAKE_C_COMPILER=/usr/bin/cc" "-DCMAKE_CXX_FLAGS= -ffunction-sections -fdata-sections -fPIC -m64" "-DCMAKE_CXX_COMPILER=/usr/bin/c++" "-DCMAKE_BUILD_TYPE=Debug"
[INFO] [stderr]   -- The C compiler identification is GNU 9.3.0
[INFO] [stderr]   -- The CXX compiler identification is GNU 9.3.0
[INFO] [stderr]   -- Check for working C compiler: /usr/bin/cc
[INFO] [stderr]   -- Check for working C compiler: /usr/bin/cc -- works
[INFO] [stderr]   -- Detecting C compiler ABI info
[INFO] [stderr]   -- Detecting C compiler ABI info - done
[INFO] [stderr]   -- Detecting C compile features
[INFO] [stderr]   -- Detecting C compile features - done
[INFO] [stderr]   -- Check for working CXX compiler: /usr/bin/c++
[INFO] [stderr]   -- Check for working CXX compiler: /usr/bin/c++ -- works
[INFO] [stderr]   -- Detecting CXX compiler ABI info
[INFO] [stderr]   -- Detecting CXX compiler ABI info - done
[INFO] [stderr]   -- Detecting CXX compile features
[INFO] [stderr]   -- Detecting CXX compile features - done
[INFO] [stderr]   -- Looking for alloca.h
[INFO] [stderr]   -- Looking for alloca.h - found
[INFO] [stderr]   -- Looking for unistd.h
[INFO] [stderr]   -- Looking for unistd.h - found
[INFO] [stderr]   -- Looking for snprintf
[INFO] [stderr]   -- Looking for snprintf - found
[INFO] [stderr]   -- Looking for sysconf
[INFO] [stderr]   -- Looking for sysconf - found
[INFO] [stderr]   -- Looking for strcasecmp
[INFO] [stderr]   -- Looking for strcasecmp - found
[INFO] [stderr]   -- Looking for sys/types.h
[INFO] [stderr]   -- Looking for sys/types.h - found
[INFO] [stderr]   -- Looking for stdint.h
[INFO] [stderr]   -- Looking for stdint.h - found
[INFO] [stderr]   -- Looking for stddef.h
[INFO] [stderr]   -- Looking for stddef.h - found
[INFO] [stderr]   -- Check size of ssize_t
[INFO] [stderr]   -- Check size of ssize_t - done
[INFO] [stderr]   -- Check size of size_t
[INFO] [stderr]   -- Check size of size_t - done
[INFO] [stderr]   -- Looking for pthread.h
[INFO] [stderr]   -- Looking for pthread.h - found
[INFO] [stderr]   -- Performing Test CMAKE_HAVE_LIBC_PTHREAD
[INFO] [stderr]   -- Performing Test CMAKE_HAVE_LIBC_PTHREAD - Failed
[INFO] [stderr]   -- Looking for pthread_create in pthreads
[INFO] [stderr]   -- Looking for pthread_create in pthreads - not found
[INFO] [stderr]   -- Looking for pthread_create in pthread
[INFO] [stderr]   -- Looking for pthread_create in pthread - found
[INFO] [stderr]   -- Found Threads: TRUE  
[INFO] [stderr]   -- Configuring done
[INFO] [stderr]   -- Generating done
[INFO] [stderr]   -- Build files have been written to: /opt/rustwide/target/debug/build/wabt-sys-dcc6693201160ce7/out/build
[INFO] [stderr]   running: "cmake" "--build" "." "--config" "Debug" "--"
[INFO] [stderr]   Scanning dependencies of target wabt
[INFO] [stderr]   [  2%] Building CXX object CMakeFiles/wabt.dir/src/binary-reader-logging.cc.o
[INFO] [stderr]   [  4%] Building CXX object CMakeFiles/wabt.dir/src/binary-writer.cc.o
[INFO] [stderr]   [  7%] Building CXX object CMakeFiles/wabt.dir/src/binary-reader.cc.o
[INFO] [stderr]   [  9%] Building CXX object CMakeFiles/wabt.dir/src/binary.cc.o
[INFO] [stderr]   [ 12%] Building CXX object CMakeFiles/wabt.dir/src/binary-writer-spec.cc.o
[INFO] [stderr]   [ 14%] Building CXX object CMakeFiles/wabt.dir/src/apply-names.cc.o
[INFO] [stderr]   [ 17%] Building CXX object CMakeFiles/wabt.dir/src/binary-reader-ir.cc.o
[INFO] [stderr]   [ 19%] Building CXX object CMakeFiles/wabt.dir/src/binding-hash.cc.o
[INFO] [stderr]   [ 21%] Building CXX object CMakeFiles/wabt.dir/src/common.cc.o
[INFO] [stderr]   [ 24%] Building CXX object CMakeFiles/wabt.dir/src/color.cc.o
[INFO] [stderr]   [ 26%] Building CXX object CMakeFiles/wabt.dir/src/config.cc.o
[INFO] [stderr]   [ 29%] Building CXX object CMakeFiles/wabt.dir/src/error-formatter.cc.o
[INFO] [stderr]   [ 31%] Building CXX object CMakeFiles/wabt.dir/src/expr-visitor.cc.o
[INFO] [stderr]   [ 34%] Building CXX object CMakeFiles/wabt.dir/src/feature.cc.o
[INFO] [stderr]   [ 36%] Building CXX object CMakeFiles/wabt.dir/src/filenames.cc.o
[INFO] [stderr]   [ 39%] Building CXX object CMakeFiles/wabt.dir/src/generate-names.cc.o
[INFO] [stderr]   [ 41%] Building CXX object CMakeFiles/wabt.dir/src/hash-util.cc.o
[INFO] [stderr]   [ 43%] Building CXX object CMakeFiles/wabt.dir/src/ir.cc.o
[INFO] [stderr]   [ 46%] Building CXX object CMakeFiles/wabt.dir/src/leb128.cc.o
[INFO] [stderr]   [ 48%] Building CXX object CMakeFiles/wabt.dir/src/lexer-source.cc.o
[INFO] [stderr]   [ 51%] Building CXX object CMakeFiles/wabt.dir/src/lexer-source-line-finder.cc.o
[INFO] [stderr]   [ 53%] Building CXX object CMakeFiles/wabt.dir/src/literal.cc.o
[INFO] [stderr]   [ 56%] Building CXX object CMakeFiles/wabt.dir/src/opcode.cc.o
[INFO] [stderr]   [ 58%] Building C object CMakeFiles/wabt.dir/src/opcode-code-table.c.o
[INFO] [stderr]   [ 60%] Building CXX object CMakeFiles/wabt.dir/src/option-parser.cc.o
[INFO] [stderr]   [ 63%] Building CXX object CMakeFiles/wabt.dir/src/stream.cc.o
[INFO] [stderr]   [ 65%] Building CXX object CMakeFiles/wabt.dir/src/resolve-names.cc.o
[INFO] [stderr]   [ 68%] Building CXX object CMakeFiles/wabt.dir/src/string-view.cc.o
[INFO] [stderr]   [ 70%] Building CXX object CMakeFiles/wabt.dir/src/token.cc.o
[INFO] [stderr]   [ 73%] Building CXX object CMakeFiles/wabt.dir/src/tracing.cc.o
[INFO] [stderr]   [ 75%] Building CXX object CMakeFiles/wabt.dir/src/type-checker.cc.o
[INFO] [stderr]   [ 78%] Building CXX object CMakeFiles/wabt.dir/src/utf8.cc.o
[INFO] [stderr]   [ 80%] Building CXX object CMakeFiles/wabt.dir/src/validator.cc.o
[INFO] [stderr]   [ 82%] Building CXX object CMakeFiles/wabt.dir/src/wast-lexer.cc.o
[INFO] [stderr]   [ 85%] Building CXX object CMakeFiles/wabt.dir/src/wast-parser.cc.o
[INFO] [stderr]   [ 87%] Building CXX object CMakeFiles/wabt.dir/src/wat-writer.cc.o
[INFO] [stderr]   [ 90%] Building CXX object CMakeFiles/wabt.dir/src/interp/binary-reader-interp.cc.o
[INFO] [stderr]   [ 92%] Building CXX object CMakeFiles/wabt.dir/src/interp/interp.cc.o
[INFO] [stderr]   [ 95%] Building CXX object CMakeFiles/wabt.dir/src/interp/interp-disassemble.cc.o
[INFO] [stderr]   [ 97%] Building CXX object CMakeFiles/wabt.dir/src/interp/interp-trace.cc.o
[INFO] [stderr] 
[INFO] [stderr]   --- stderr
[INFO] [stderr]   /opt/rustwide/cargo-home/registry/src/github.com-1ecc6299db9ec823/wabt-sys-0.6.0/wabt/src/binary-reader.cc: In member function 'wabt::Result wabt::{anonymous}::BinaryReader::ReadSections()':
[INFO] [stderr]   /opt/rustwide/cargo-home/registry/src/github.com-1ecc6299db9ec823/wabt-sys-0.6.0/wabt/src/binary-reader.cc:2307:22: warning: format '%u' expects argument of type 'unsigned int', but argument 3 has type 'wabt::BinarySection' [-Wformat=]
[INFO] [stderr]    2307 |                      "invalid section code: %u", section);
[INFO] [stderr]         |                      ^~~~~~~~~~~~~~~~~~~~~~~~~~  ~~~~~~~
[INFO] [stderr]         |                                                  |
[INFO] [stderr]         |                                                  wabt::BinarySection
[INFO] [stderr]   /opt/rustwide/cargo-home/registry/src/github.com-1ecc6299db9ec823/wabt-sys-0.6.0/wabt/src/binary-reader.cc:42:18: note: in definition of macro 'ERROR_UNLESS'
[INFO] [stderr]      42 |       PrintError(__VA_ARGS__);  \
[INFO] [stderr]         |                  ^~~~~~~~~~~
[INFO] [stderr]   /opt/rustwide/cargo-home/registry/src/github.com-1ecc6299db9ec823/wabt-sys-0.6.0/wabt/src/binary-reader.cc:2307:46: note: format string is defined here
[INFO] [stderr]    2307 |                      "invalid section code: %u", section);
[INFO] [stderr]         |                                             ~^
[INFO] [stderr]         |                                              |
[INFO] [stderr]         |                                              unsigned int
[INFO] [stderr]   /opt/rustwide/cargo-home/registry/src/github.com-1ecc6299db9ec823/wabt-sys-0.6.0/wabt/src/binary-reader.cc:2313:22: warning: format '%u' expects argument of type 'unsigned int', but argument 3 has type 'wabt::BinarySection' [-Wformat=]
[INFO] [stderr]    2313 |                      "invalid section code: %u", section);
[INFO] [stderr]         |                      ^~~~~~~~~~~~~~~~~~~~~~~~~~  ~~~~~~~
[INFO] [stderr]         |                                                  |
[INFO] [stderr]         |                                                  wabt::BinarySection
[INFO] [stderr]   /opt/rustwide/cargo-home/registry/src/github.com-1ecc6299db9ec823/wabt-sys-0.6.0/wabt/src/binary-reader.cc:42:18: note: in definition of macro 'ERROR_UNLESS'
[INFO] [stderr]      42 |       PrintError(__VA_ARGS__);  \
[INFO] [stderr]         |                  ^~~~~~~~~~~
[INFO] [stderr]   /opt/rustwide/cargo-home/registry/src/github.com-1ecc6299db9ec823/wabt-sys-0.6.0/wabt/src/binary-reader.cc:2313:46: note: format string is defined here
[INFO] [stderr]    2313 |                      "invalid section code: %u", section);
[INFO] [stderr]         |                                             ~^
[INFO] [stderr]         |                                              |
[INFO] [stderr]         |                                              unsigned int
[INFO] [stderr]   c++: fatal error: Killed signal terminated program cc1plus
[INFO] [stderr]   compilation terminated.
[INFO] [stderr]   make[2]: *** [CMakeFiles/wabt.dir/build.make:102: CMakeFiles/wabt.dir/src/binary-reader-ir.cc.o] Error 1
[INFO] [stderr]   make[2]: *** Waiting for unfinished jobs....
[INFO] [stderr]   make[1]: *** [CMakeFiles/Makefile2:77: CMakeFiles/wabt.dir/all] Error 2
[INFO] [stderr]   make: *** [Makefile:84: all] Error 2
[INFO] [stderr]   thread 'main' panicked at '
[INFO] [stderr]   command did not execute successfully, got: exit code: 2
[INFO] [stderr] 
[INFO] [stderr]   build script failed, must exit now', /opt/rustwide/cargo-home/registry/src/github.com-1ecc6299db9ec823/cmake-0.1.40/src/lib.rs:832:5
[INFO] [stderr]   stack backtrace:
[INFO] [stderr]      0:     0x55c108f17650 - std::backtrace_rs::backtrace::libunwind::trace::h452faf99f32e7c93
[INFO] [stderr]                                  at /rustc/af3c6e733a40e671550e0f0f5aeecaa13772ba56/library/std/src/../../backtrace/src/backtrace/libunwind.rs:96
[INFO] [stderr]      1:     0x55c108f17650 - std::backtrace_rs::backtrace::trace_unsynchronized::he40edc71437667a1
[INFO] [stderr]                                  at /rustc/af3c6e733a40e671550e0f0f5aeecaa13772ba56/library/std/src/../../backtrace/src/backtrace/mod.rs:66
[INFO] [stderr]      2:     0x55c108f17650 - std::sys_common::backtrace::_print_fmt::h6c51d6ade71f46bf
[INFO] [stderr]                                  at /rustc/af3c6e733a40e671550e0f0f5aeecaa13772ba56/library/std/src/sys_common/backtrace.rs:79
[INFO] [stderr]      3:     0x55c108f17650 - <std::sys_common::backtrace::_print::DisplayBacktrace as core::fmt::Display>::fmt::h3cd15d7003dec37a
[INFO] [stderr]                                  at /rustc/af3c6e733a40e671550e0f0f5aeecaa13772ba56/library/std/src/sys_common/backtrace.rs:58
[INFO] [stderr]      4:     0x55c108f3802c - core::fmt::write::h1857a60b204f1b6a
[INFO] [stderr]                                  at /rustc/af3c6e733a40e671550e0f0f5aeecaa13772ba56/library/core/src/fmt/mod.rs:1080
[INFO] [stderr]      5:     0x55c108f13777 - std::io::Write::write_fmt::hac61caff894c35ae
[INFO] [stderr]                                  at /rustc/af3c6e733a40e671550e0f0f5aeecaa13772ba56/library/std/src/io/mod.rs:1517
[INFO] [stderr]      6:     0x55c108f19fd0 - std::sys_common::backtrace::_print::haa2f390fb7957e3e
[INFO] [stderr]                                  at /rustc/af3c6e733a40e671550e0f0f5aeecaa13772ba56/library/std/src/sys_common/backtrace.rs:61
[INFO] [stderr]      7:     0x55c108f19fd0 - std::sys_common::backtrace::print::h48c7cbbad9013bb1
[INFO] [stderr]                                  at /rustc/af3c6e733a40e671550e0f0f5aeecaa13772ba56/library/std/src/sys_common/backtrace.rs:48
[INFO] [stderr]      8:     0x55c108f19fd0 - std::panicking::default_hook::{{closure}}::h8b7ff05a31e71d55
[INFO] [stderr]                                  at /rustc/af3c6e733a40e671550e0f0f5aeecaa13772ba56/library/std/src/panicking.rs:208
[INFO] [stderr]      9:     0x55c108f19d1c - std::panicking::default_hook::h2f00c78800d98e4c
[INFO] [stderr]                                  at /rustc/af3c6e733a40e671550e0f0f5aeecaa13772ba56/library/std/src/panicking.rs:227
[INFO] [stderr]     10:     0x55c108f1a633 - std::panicking::rust_panic_with_hook::h4eaa635e4694aef3
[INFO] [stderr]                                  at /rustc/af3c6e733a40e671550e0f0f5aeecaa13772ba56/library/std/src/panicking.rs:577
[INFO] [stderr]     11:     0x55c108f1a209 - std::panicking::begin_panic_handler::{{closure}}::hec242f1b136b5ff2
[INFO] [stderr]                                  at /rustc/af3c6e733a40e671550e0f0f5aeecaa13772ba56/library/std/src/panicking.rs:484
[INFO] [stderr]     12:     0x55c108f17abc - std::sys_common::backtrace::__rust_end_short_backtrace::h1f3cc383ee6c0374
[INFO] [stderr]                                  at /rustc/af3c6e733a40e671550e0f0f5aeecaa13772ba56/library/std/src/sys_common/backtrace.rs:153
[INFO] [stderr]     13:     0x55c108f1a1c9 - rust_begin_unwind
[INFO] [stderr]                                  at /rustc/af3c6e733a40e671550e0f0f5aeecaa13772ba56/library/std/src/panicking.rs:483
[INFO] [stderr]     14:     0x55c108f1a17b - std::panicking::begin_panic_fmt::hebfdcd945bbd27b1
[INFO] [stderr]                                  at /rustc/af3c6e733a40e671550e0f0f5aeecaa13772ba56/library/std/src/panicking.rs:437
[INFO] [stderr]     15:     0x55c108e9a577 - cmake::fail::h7e6a4a58e3228c43
[INFO] [stderr]                                  at /opt/rustwide/cargo-home/registry/src/github.com-1ecc6299db9ec823/cmake-0.1.40/src/lib.rs:832
[INFO] [stderr]     16:     0x55c108e99ebc - cmake::run::he60ff664bccdab66
[INFO] [stderr]                                  at /opt/rustwide/cargo-home/registry/src/github.com-1ecc6299db9ec823/cmake-0.1.40/src/lib.rs:810
[INFO] [stderr]     17:     0x55c108e9661f - cmake::Config::build::h0ffe10c8e40fe5f0
[INFO] [stderr]                                  at /opt/rustwide/cargo-home/registry/src/github.com-1ecc6299db9ec823/cmake-0.1.40/src/lib.rs:719
[INFO] [stderr]     18:     0x55c108e91374 - build_script_build::main::h5e20b58d06e0e328
[INFO] [stderr]                                  at /opt/rustwide/cargo-home/registry/src/github.com-1ecc6299db9ec823/wabt-sys-0.6.0/build.rs:9
[INFO] [stderr]     19:     0x55c108e91c5b - core::ops::function::FnOnce::call_once::h87051d24d88e9b8f
[INFO] [stderr]                                  at /rustc/af3c6e733a40e671550e0f0f5aeecaa13772ba56/library/core/src/ops/function.rs:227
[INFO] [stderr]     20:     0x55c108e9235e - std::sys_common::backtrace::__rust_begin_short_backtrace::hfced0253078c4c3c
[INFO] [stderr]                                  at /rustc/af3c6e733a40e671550e0f0f5aeecaa13772ba56/library/std/src/sys_common/backtrace.rs:137
[INFO] [stderr]     21:     0x55c108e92531 - std::rt::lang_start::{{closure}}::heedc00bf82151cb6
[INFO] [stderr]                                  at /rustc/af3c6e733a40e671550e0f0f5aeecaa13772ba56/library/std/src/rt.rs:66
[INFO] [stderr]     22:     0x55c108f1aa31 - core::ops::function::impls::<impl core::ops::function::FnOnce<A> for &F>::call_once::hecc21eb9018cc197
[INFO] [stderr]                                  at /rustc/af3c6e733a40e671550e0f0f5aeecaa13772ba56/library/core/src/ops/function.rs:259
[INFO] [stderr]     23:     0x55c108f1aa31 - std::panicking::try::do_call::h174ad655d084b5c7
[INFO] [stderr]                                  at /rustc/af3c6e733a40e671550e0f0f5aeecaa13772ba56/library/std/src/panicking.rs:381
[INFO] [stderr]     24:     0x55c108f1aa31 - std::panicking::try::h479e6054ce28de10
[INFO] [stderr]                                  at /rustc/af3c6e733a40e671550e0f0f5aeecaa13772ba56/library/std/src/panicking.rs:345
[INFO] [stderr]     25:     0x55c108f1aa31 - std::panic::catch_unwind::hb558ddea2b3e9c45
[INFO] [stderr]                                  at /rustc/af3c6e733a40e671550e0f0f5aeecaa13772ba56/library/std/src/panic.rs:382
[INFO] [stderr]     26:     0x55c108f1aa31 - std::rt::lang_start_internal::h163149047f0a8b61
[INFO] [stderr]                                  at /rustc/af3c6e733a40e671550e0f0f5aeecaa13772ba56/library/std/src/rt.rs:51
[INFO] [stderr]     27:     0x55c108e92507 - std::rt::lang_start::h5f1f1b60583258fb
[INFO] [stderr]                                  at /rustc/af3c6e733a40e671550e0f0f5aeecaa13772ba56/library/std/src/rt.rs:65
[INFO] [stderr]     28:     0x55c108e91c2a - main
[INFO] [stderr]     29:     0x7fd477d620b3 - __libc_start_main
[INFO] [stderr]     30:     0x55c108e910ce - _start
[INFO] [stderr]     31:                0x0 - <unknown>
[INFO] [stderr] warning: build failed, waiting for other jobs to finish...
[INFO] [stderr] error: build failed
[INFO] running `Command { std: "docker" "inspect" "14388caa4c62f0c4490ec855531e82a97f1e449b6a48c24df72b66c4609adfcb", kill_on_drop: false }`
[INFO] running `Command { std: "docker" "rm" "-f" "14388caa4c62f0c4490ec855531e82a97f1e449b6a48c24df72b66c4609adfcb", kill_on_drop: false }`
[INFO] [stdout] 14388caa4c62f0c4490ec855531e82a97f1e449b6a48c24df72b66c4609adfcb
